{"id":6894,"date":"2021-11-19T14:03:02","date_gmt":"2021-11-19T14:03:02","guid":{"rendered":"https:\/\/pensiunea-paulowniaeuropa.ro\/?post_type=product&#038;p=6894"},"modified":"2021-11-19T14:04:46","modified_gmt":"2021-11-19T14:04:46","slug":"calabresse","status":"publish","type":"product","link":"https:\/\/pensiunea-paulowniaeuropa.ro\/index.php\/produs\/calabresse\/","title":{"rendered":"Calabresse"},"content":{"rendered":"","protected":false},"excerpt":{"rendered":"<p><strong>Ingrediente:<\/strong> salat\u0103 verde, bacon, ceap\u0103, ardei copt, ro\u0219ii, br\u00e2nz\u0103 feta, m\u0103sline, peperoncini, sos de usturoi, ulei de m\u0103sline, foccacia<br \/>\n<strong>Gramaj: <\/strong>430g<\/p>\n","protected":false},"featured_media":6895,"comment_status":"closed","ping_status":"closed","template":"","meta":[],"product_cat":[88],"product_tag":[97,61,98,86,93,64,87,96,89,92,57],"class_list":["post-6894","product","type-product","status-publish","has-post-thumbnail","hentry","product_cat-salate","product_tag-ardei-copt","product_tag-bacon","product_tag-branza-feta","product_tag-ceapa","product_tag-foccacia","product_tag-masline","product_tag-peperoncini","product_tag-rosii","product_tag-salata-verde","product_tag-sos-de-usturoi","product_tag-ulei-de-masline"],"_links":{"self":[{"href":"https:\/\/pensiunea-paulowniaeuropa.ro\/index.php\/wp-json\/wp\/v2\/product\/6894","targetHints":{"allow":["GET"]}}],"collection":[{"href":"https:\/\/pensiunea-paulowniaeuropa.ro\/index.php\/wp-json\/wp\/v2\/product"}],"about":[{"href":"https:\/\/pensiunea-paulowniaeuropa.ro\/index.php\/wp-json\/wp\/v2\/types\/product"}],"replies":[{"embeddable":true,"href":"https:\/\/pensiunea-paulowniaeuropa.ro\/index.php\/wp-json\/wp\/v2\/comments?post=6894"}],"wp:featuredmedia":[{"embeddable":true,"href":"https:\/\/pensiunea-paulowniaeuropa.ro\/index.php\/wp-json\/wp\/v2\/media\/6895"}],"wp:attachment":[{"href":"https:\/\/pensiunea-paulowniaeuropa.ro\/index.php\/wp-json\/wp\/v2\/media?parent=6894"}],"wp:term":[{"taxonomy":"product_cat","embeddable":true,"href":"https:\/\/pensiunea-paulowniaeuropa.ro\/index.php\/wp-json\/wp\/v2\/product_cat?post=6894"},{"taxonomy":"product_tag","embeddable":true,"href":"https:\/\/pensiunea-paulowniaeuropa.ro\/index.php\/wp-json\/wp\/v2\/product_tag?post=6894"}],"curies":[{"name":"wp","href":"https:\/\/api.w.org\/{rel}","templated":true}]}}