{"id":6831,"date":"2021-11-19T10:05:00","date_gmt":"2021-11-19T10:05:00","guid":{"rendered":"https:\/\/pensiunea-paulowniaeuropa.ro\/?post_type=product&#038;p=6831"},"modified":"2021-11-19T10:09:25","modified_gmt":"2021-11-19T10:09:25","slug":"taraneasca","status":"publish","type":"product","link":"https:\/\/pensiunea-paulowniaeuropa.ro\/index.php\/produs\/taraneasca\/","title":{"rendered":"\u021a\u0103r\u0103neasc\u0103"},"content":{"rendered":"","protected":false},"excerpt":{"rendered":"<p><strong>Ingrediente:<\/strong> sos de pizza, mozzarella, \u0219unc\u0103, c\u00e2rna\u021bi, salam, ciuperci, bacon, ou, usturoi, ceap\u0103 ro\u0219ie<br \/>\n<strong>M\u0103rimi:<\/strong><br \/>\n32cm\/620g<br \/>\n40cm\/980g<br \/>\n60cm\/2140g<\/p>\n","protected":false},"featured_media":6835,"comment_status":"closed","ping_status":"closed","template":"","meta":[],"product_cat":[48],"product_tag":[61,62,52,65,50,70,60,49,59,71],"class_list":["post-6831","product","type-product","status-publish","has-post-thumbnail","hentry","product_cat-pizza","product_tag-bacon","product_tag-carnati","product_tag-ceapa-rosie","product_tag-ciuperci","product_tag-mozzarella","product_tag-ou","product_tag-salam","product_tag-sos-de-pizza","product_tag-sunca","product_tag-usturoi"],"_links":{"self":[{"href":"https:\/\/pensiunea-paulowniaeuropa.ro\/index.php\/wp-json\/wp\/v2\/product\/6831","targetHints":{"allow":["GET"]}}],"collection":[{"href":"https:\/\/pensiunea-paulowniaeuropa.ro\/index.php\/wp-json\/wp\/v2\/product"}],"about":[{"href":"https:\/\/pensiunea-paulowniaeuropa.ro\/index.php\/wp-json\/wp\/v2\/types\/product"}],"replies":[{"embeddable":true,"href":"https:\/\/pensiunea-paulowniaeuropa.ro\/index.php\/wp-json\/wp\/v2\/comments?post=6831"}],"wp:featuredmedia":[{"embeddable":true,"href":"https:\/\/pensiunea-paulowniaeuropa.ro\/index.php\/wp-json\/wp\/v2\/media\/6835"}],"wp:attachment":[{"href":"https:\/\/pensiunea-paulowniaeuropa.ro\/index.php\/wp-json\/wp\/v2\/media?parent=6831"}],"wp:term":[{"taxonomy":"product_cat","embeddable":true,"href":"https:\/\/pensiunea-paulowniaeuropa.ro\/index.php\/wp-json\/wp\/v2\/product_cat?post=6831"},{"taxonomy":"product_tag","embeddable":true,"href":"https:\/\/pensiunea-paulowniaeuropa.ro\/index.php\/wp-json\/wp\/v2\/product_tag?post=6831"}],"curies":[{"name":"wp","href":"https:\/\/api.w.org\/{rel}","templated":true}]}}